{"id":2425,"date":"2025-10-03T22:56:58","date_gmt":"2025-10-04T01:56:58","guid":{"rendered":"https:\/\/www.sacachispas.uy\/sacachispas\/?page_id=2425"},"modified":"2025-10-06T12:43:04","modified_gmt":"2025-10-06T15:43:04","slug":"nuevo-salon-de-fiestas","status":"publish","type":"page","link":"https:\/\/www.sacachispas.uy\/sacachispas\/nuevo-salon-de-fiestas\/","title":{"rendered":"Nuevo Sal\u00f3n de Fiestas"},"content":{"rendered":"<div class=\"wpb-content-wrapper\"><p>[vc_row][vc_column width=&#8221;2\/3&#8243;][vc_single_image image=&#8221;2426&#8243; img_size=&#8221;large&#8221; style=&#8221;vc_box_rounded&#8221; onclick=&#8221;zoom&#8221; css_animation=&#8221;fadeInLeft&#8221; css=&#8221;&#8221;][\/vc_column][vc_column width=&#8221;1\/3&#8243;][vc_column_text css_animation=&#8221;fadeInRight&#8221; css=&#8221;&#8221;]<\/p>\n<h2><strong>El <span style=\"color: #ff6600;\">Proyecto<\/span><\/strong><\/h2>\n<p>[\/vc_column_text][vc_column_text css_animation=&#8221;fadeInRight&#8221; css=&#8221;&#8221;]<\/p>\n<h4>El Club Atl\u00e9tico Sacachispas presenta con orgullo su nuevo sal\u00f3n de fiestas, una destacada ampliaci\u00f3n de la sede ubicada frente a la cancha. Este espacio, dise\u00f1ado con modernos ventanales, ofrece una vista inigualable del campo de juego y de todas las instalaciones del club, integrando el ambiente deportivo con el disfrute social.<\/h4>\n<p>[\/vc_column_text][stm_block_quote bq_text=&#8221;Este logro es resultado de la dedicaci\u00f3n incansable de un grupo de personas comprometidas que, durante mucho tiempo, han trabajado con esfuerzo para el crecimiento y fortalecimiento de la instituci\u00f3n.&#8221;][\/vc_column][\/vc_row][vc_row][vc_column][vc_column_text css_animation=&#8221;fadeInUp&#8221; css=&#8221;&#8221;]<\/p>\n<h2><strong><span style=\"color: #ff6600;\">Caracter\u00edsticas<\/span> y detalles del <span style=\"color: #ff6600;\">nuevo sal\u00f3n<\/span><\/strong><\/h2>\n<p>[\/vc_column_text][vc_column_text css_animation=&#8221;fadeInUp&#8221; css=&#8221;&#8221;]<\/p>\n<div class=\"prose text-pretty dark:prose-invert inline leading-relaxed break-words min-w-0 [word-break:break-word] prose-strong:font-medium\">\n<p class=\"my-2 [&amp;+p]:mt-4 [&amp;_strong:has(+br)]:inline-block [&amp;_strong:has(+br)]:pb-2\">El nuevo sal\u00f3n de fiestas del Club cuenta con un amplio y bien distribuido espacio que garantiza comodidad y funcionalidad. Posee conexi\u00f3n interna directa a la cocina de la sede, facilitando el servicio de alimentos y bebidas. Adem\u00e1s, dispone de ba\u00f1os internos y externos para mayor accesibilidad y comodidad de los visitantes. El sal\u00f3n tambi\u00e9n est\u00e1 conectado internamente a una gran churrasquera ubicada al fondo del local, ideal para eventos que impliquen parrilladas o parrillas, integrando todos los espacios de manera pr\u00e1ctica y eficiente.<\/p>\n<\/div>\n<p>[\/vc_column_text][\/vc_column][\/vc_row][vc_row][vc_column][stm_slider images=&#8221;2436,2437,2438,2439,2440,2441,2442,2443,2444,2452,2447,2445,2446,2448,2449,2450,2455,2456&#8243;][\/vc_column][\/vc_row]<\/p>\n<\/div>","protected":false},"excerpt":{"rendered":"<p>[vc_row][vc_column width=&#8221;2\/3&#8243;][vc_single_image image=&#8221;2426&#8243; img_size=&#8221;large&#8221; style=&#8221;vc_box_rounded&#8221; onclick=&#8221;zoom&#8221; css_animation=&#8221;fadeInLeft&#8221; css=&#8221;&#8221;][\/vc_column][vc_column width=&#8221;1\/3&#8243;][vc_column_text css_animation=&#8221;fadeInRight&#8221; css=&#8221;&#8221;] El Proyecto [\/vc_column_text][vc_column_text css_animation=&#8221;fadeInRight&#8221; css=&#8221;&#8221;] El Club Atl\u00e9tico Sacachispas presenta con orgullo su nuevo sal\u00f3n de fiestas, una destacada ampliaci\u00f3n de la sede ubicada frente a la cancha. Este espacio, dise\u00f1ado con modernos ventanales, ofrece una vista inigualable del campo de juego y de&#8230;<\/p>\n","protected":false},"author":1,"featured_media":2426,"parent":0,"menu_order":0,"comment_status":"closed","ping_status":"closed","template":"","meta":{"footnotes":""},"class_list":["post-2425","page","type-page","status-publish","has-post-thumbnail","hentry"],"_links":{"self":[{"href":"https:\/\/www.sacachispas.uy\/sacachispas\/wp-json\/wp\/v2\/pages\/2425","targetHints":{"allow":["GET"]}}],"collection":[{"href":"https:\/\/www.sacachispas.uy\/sacachispas\/wp-json\/wp\/v2\/pages"}],"about":[{"href":"https:\/\/www.sacachispas.uy\/sacachispas\/wp-json\/wp\/v2\/types\/page"}],"author":[{"embeddable":true,"href":"https:\/\/www.sacachispas.uy\/sacachispas\/wp-json\/wp\/v2\/users\/1"}],"replies":[{"embeddable":true,"href":"https:\/\/www.sacachispas.uy\/sacachispas\/wp-json\/wp\/v2\/comments?post=2425"}],"version-history":[{"count":14,"href":"https:\/\/www.sacachispas.uy\/sacachispas\/wp-json\/wp\/v2\/pages\/2425\/revisions"}],"predecessor-version":[{"id":2461,"href":"https:\/\/www.sacachispas.uy\/sacachispas\/wp-json\/wp\/v2\/pages\/2425\/revisions\/2461"}],"wp:featuredmedia":[{"embeddable":true,"href":"https:\/\/www.sacachispas.uy\/sacachispas\/wp-json\/wp\/v2\/media\/2426"}],"wp:attachment":[{"href":"https:\/\/www.sacachispas.uy\/sacachispas\/wp-json\/wp\/v2\/media?parent=2425"}],"curies":[{"name":"wp","href":"https:\/\/api.w.org\/{rel}","templated":true}]}}